{"id":34,"date":"2011-01-23T21:26:07","date_gmt":"2011-01-23T21:26:07","guid":{"rendered":"http:\/\/piil.org\/familie\/"},"modified":"2011-01-23T21:33:37","modified_gmt":"2011-01-23T21:33:37","slug":"aner","status":"publish","type":"page","link":"https:\/\/piil.org\/familie\/aner\/","title":{"rendered":"Aner"},"content":{"rendered":"<p>F\u00f8lgende historier kan ikke l\u00e6ses ud af sl\u00e6gtsforskningen eller papirerne, men er overleveret i familien og hermed fors\u00f8gt bevaret for eftertiden.<br \/>\nKlik p\u00e5 billederne med musen for at se dem i en bedre opl\u00f8sning.<\/p>\n<h2>Tip-tip-generationen<\/h2>\n<h3>Niels Peder Larsen<\/h3>\n<figure id=\"attachment_40\" aria-describedby=\"caption-attachment-40\" style=\"width: 120px\" class=\"wp-caption alignnone\"><a href=\"http:\/\/piil.org\/familie\/files\/2011\/01\/64.jpg\"><img decoding=\"async\" class=\"size-thumbnail wp-image-40  \" title=\"Niels Peder Nielsen\" src=\"http:\/\/piil.org\/familie\/files\/2011\/01\/64-150x150.jpg\" alt=\"Niels Peder Nielsen\" width=\"120\" height=\"120\" \/><\/a><figcaption id=\"caption-attachment-40\" class=\"wp-caption-text\">Rebslageren fra Gr\u00f8nnegade<\/figcaption><\/figure>\n<p style=\"text-align: left;\">Min tip-tip-oldefar. Han var rebslager og i en periode sognefoged i Troense. Han havde v\u00e6rksted i Gr\u00f8nnegade 23 &#8211; Huset eksisterer endnu. V\u00e6rkstedet er senere flyttet og genopf\u00f8rt ved T\u00e5singe museum, overfor Bregninge Kirke. I v\u00e6rkstedet h\u00e6nger desuden et Billede af Sigrid Piil p\u00e5 bes\u00f8g hos N.P.Larsens barnebarn Hansigne Nielsen.<br \/>\nDet har v\u00e6ret en \u00e6re, at v\u00e6re faldet efter rebslageren i Gr\u00f8nnegade.<\/p>\n<h3>Jensigne Jensen Jakobsen.<\/h3>\n<figure id=\"attachment_57\" aria-describedby=\"caption-attachment-57\" style=\"width: 120px\" class=\"wp-caption alignnone\"><a href=\"http:\/\/piil.org\/familie\/files\/2011\/01\/61.jpg\"><img decoding=\"async\" class=\"size-thumbnail wp-image-57\" title=\"Jensigne Jensen Jakobsen\" src=\"http:\/\/piil.org\/familie\/files\/2011\/01\/61-150x150.jpg\" alt=\"Jensigne Jensen Jakobsen\" width=\"120\" height=\"120\" \/><\/a><figcaption id=\"caption-attachment-57\" class=\"wp-caption-text\">Rebslagerfrue<\/figcaption><\/figure>\n<p>Min tip-tip-oldemor. Gift med N.P.Larsen. Sammen fik de tre b\u00f8rn:<br \/>\nDer findes blandt sl\u00e6gtspapirerne et sirligt udformet k\u00e6restebrev, skrevet til Jensigne Jensen.<\/p>\n<h2>Tip-generationen<\/h2>\n<h3>Anders Piil<\/h3>\n<figure id=\"attachment_65\" aria-describedby=\"caption-attachment-65\" style=\"width: 120px\" class=\"wp-caption alignnone\"><a href=\"http:\/\/piil.org\/familie\/files\/2011\/01\/201.jpg\"><img decoding=\"async\" class=\"size-thumbnail wp-image-65 \" title=\"Anders Piil\" src=\"http:\/\/piil.org\/familie\/files\/2011\/01\/201-150x150.jpg\" alt=\"Anders Piil\" width=\"120\" height=\"120\" \/><\/a><figcaption id=\"caption-attachment-65\" class=\"wp-caption-text\">Kaptajn og partsreder<\/figcaption><\/figure>\n<p>Min tipoldefar. Dette billede er med stor sandsynlighed Anders Piil. Det er taget i Falmouth, hvor det med sikkerhed vides Anders Piil har v\u00e6ret. Et af brevene til Jens Piil, er fra Falmouth. Anders Piil boede i Gr\u00f8nnegade 12, Troense. Huset var f\u00e6stehus under Valdemar Slot. Jens Piil k\u00f8bte senere huset fri af f\u00e6stem\u00e5let til sin mor, Marie Nielsen<\/p>\n<h3>Marie Piil, f. Nielsen<\/h3>\n<figure id=\"attachment_63\" aria-describedby=\"caption-attachment-63\" style=\"width: 120px\" class=\"wp-caption alignnone\"><a href=\"http:\/\/piil.org\/familie\/files\/2011\/01\/37.jpg\"><img loading=\"lazy\" decoding=\"async\" class=\"size-thumbnail wp-image-63 \" title=\"Marie Nielsen\" src=\"http:\/\/piil.org\/familie\/files\/2011\/01\/37-150x150.jpg\" alt=\"Marie Nielsen\" width=\"120\" height=\"120\" \/><\/a><figcaption id=\"caption-attachment-63\" class=\"wp-caption-text\">Marie Piil f. Nielsen<\/figcaption><\/figure>\n<p>Min Tipoldemor. Datter af Rebslageren N.P.Larsen og Jensigne Larsen. Gift med Anders Piil<\/p>\n<h2>Olde-for\u00e6ldre<\/h2>\n<h3>Jens Piil<\/h3>\n<figure id=\"attachment_60\" aria-describedby=\"caption-attachment-60\" style=\"width: 120px\" class=\"wp-caption alignnone\"><a href=\"http:\/\/piil.org\/familie\/files\/2011\/01\/23.jpg\"><img loading=\"lazy\" decoding=\"async\" class=\"size-thumbnail wp-image-60 \" title=\"Jens Piil\" src=\"http:\/\/piil.org\/familie\/files\/2011\/01\/23-150x150.jpg\" alt=\"Jens Piil\" width=\"120\" height=\"120\" \/><\/a><figcaption id=\"caption-attachment-60\" class=\"wp-caption-text\">Slagteridirekt\u00f8r p\u00e5 Ringsted Andelssvineslagteri<\/figcaption><\/figure>\n<p>Blev slagteridirekt\u00f8r p\u00e5 Ringsteds andelssvineslagteri som 23-\u00e5rig i 1896. Inden ans\u00e6ttelsen, diskuterede Bestyrelsesformanden sagen med sin kone. Han mente at Piil var lige lovlig ung, men alderen til trods, havde han \u00e5benbart gjort et godt indtryk p\u00e5 bestyrelsesformandens kone, der svarede: &#8220;at det skulle nok rette sig &#8211; med tiden&#8221;. Og s\u00e5 blev han ansat.<\/p>\n<h2>Bedstefor\u00e6ldres generation<\/h2>\n<h3>Robert Piil<\/h3>\n<figure id=\"attachment_70\" aria-describedby=\"caption-attachment-70\" style=\"width: 120px\" class=\"wp-caption alignnone\"><a href=\"http:\/\/piil.org\/familie\/files\/2011\/01\/41.jpg\"><img loading=\"lazy\" decoding=\"async\" class=\"size-thumbnail wp-image-70 \" title=\"Robert Piil\" src=\"http:\/\/piil.org\/familie\/files\/2011\/01\/41-150x150.jpg\" alt=\"Robert Piil\" width=\"120\" height=\"120\" \/><\/a><figcaption id=\"caption-attachment-70\" class=\"wp-caption-text\">K\u00f8dgrossist i K\u00f8dbyen<\/figcaption><\/figure>\n<p>Min farfar, efter hvem jeg er opkaldt. Billedet er taget omkring 1920.<\/p>\n<h3>Ellen Kirstine Piil, f. Nielsen<\/h3>\n<figure id=\"attachment_71\" aria-describedby=\"caption-attachment-71\" style=\"width: 65px\" class=\"wp-caption alignnone\"><a href=\"http:\/\/piil.org\/familie\/files\/2011\/01\/57.jpg\"><img loading=\"lazy\" decoding=\"async\" class=\"size-full wp-image-71\" title=\"Ellen Kirstine Piil\" src=\"http:\/\/piil.org\/familie\/files\/2011\/01\/57.jpg\" alt=\"Ellen Kirstine Piil\" width=\"65\" height=\"74\" \/><\/a><figcaption id=\"caption-attachment-71\" class=\"wp-caption-text\">Farmor<\/figcaption><\/figure>\n<p>Min farmor. Hun er datter af Niels Nielsen fra Ejlek\u00e6rgaard. Ejlek\u00e6rg\u00e5rd er sl\u00e6gtsg\u00e5rd, og der er udarbejdet sl\u00e6gtsmateriale omkring den del af sl\u00e6gten. G\u00e5rdens nuv\u00e6redende ejer, er 7. generation p\u00e5 g\u00e5rden. Der er bevaret en sjov historie fra Niels Nielsen. Han og hans bror, havde siddet p\u00e5 deres farmors sk\u00f8d som b\u00f8rn i slutningen af det 19. \u00e5rhundrede. Hun havde fortalt dem at de i hvert fald ikke ville opleve lige s\u00e5 store omv\u00e6ltninger i deres tid, som hun havde oplevet i hendes. Niels Nielsen har siden sagt han kunne komme i tanke om to store omv\u00e6ltninger for hans farmor. Den ene var at man nu kunne tage toget til K\u00f8benhavn, og s\u00e5ledes tage til byen og komme tilbage samme dag. Den anden var, at den s\u00e5kaldt &#8220;stive&#8221; vogn, havde f\u00e5et fjedre.<\/p>\n<h3>Sigrid J\u00f8rlund, f. Piil<\/h3>\n<figure id=\"attachment_72\" aria-describedby=\"caption-attachment-72\" style=\"width: 120px\" class=\"wp-caption alignnone\"><a href=\"http:\/\/piil.org\/familie\/files\/2011\/01\/45.jpg\"><img loading=\"lazy\" decoding=\"async\" class=\"size-thumbnail wp-image-72 \" title=\"Sigrid J\u00f8rlund\" src=\"http:\/\/piil.org\/familie\/files\/2011\/01\/45-150x150.jpg\" alt=\"Sigrid J\u00f8rlund\" width=\"120\" height=\"120\" srcset=\"https:\/\/piil.org\/familie\/files\/2011\/01\/45-150x150.jpg 150w, https:\/\/piil.org\/familie\/files\/2011\/01\/45-300x297.jpg 300w, https:\/\/piil.org\/familie\/files\/2011\/01\/45.jpg 350w\" sizes=\"(max-width: 120px) 100vw, 120px\" \/><\/a><figcaption id=\"caption-attachment-72\" class=\"wp-caption-text\">Farfars s\u00f8ster<\/figcaption><\/figure>\n<p>Den \u00e6ldste af min farfars s\u00f8skende. Sigrid har \u00e6ren for at disse billeder er bevaret. Det er ogs\u00e5 hende der har givet mig interessen for mine aner. Jeg kan huske hun fortalte en masse historier om familien fra Troense. Desv\u00e6rre kan jeg ikke rigtigt huske detaljerne, og min far og onkel er ikke til megen hj\u00e6lp der.<\/p>\n<h3>Svend Piil<\/h3>\n<figure id=\"attachment_73\" aria-describedby=\"caption-attachment-73\" style=\"width: 120px\" class=\"wp-caption alignnone\"><a href=\"http:\/\/piil.org\/familie\/files\/2011\/01\/54.jpg\"><img loading=\"lazy\" decoding=\"async\" class=\"size-thumbnail wp-image-73 \" title=\"Svend Piil\" src=\"http:\/\/piil.org\/familie\/files\/2011\/01\/54-150x150.jpg\" alt=\"Svend Piil\" width=\"120\" height=\"120\" \/><\/a><figcaption id=\"caption-attachment-73\" class=\"wp-caption-text\">Farfars bror<\/figcaption><\/figure>\n<p>En anden af min farfars s\u00f8skende. Han d\u00f8de ung (ca. 25) i 1925 ved en motorcykelulykke. Min onkel er opkaldt efter Svend. Jeg kan huske min farmor og farfars bekymring da jeg fik knallert endnu. Dengang kunne jeg ikke forst\u00e5 det, nu kender jeg s\u00e5 baggrunden.<\/p>\n<h2>Bygninger etc.<\/h2>\n<h3>Skonnertbriggen &#8220;Thetis af Troense&#8221;<\/h3>\n<figure id=\"attachment_79\" aria-describedby=\"caption-attachment-79\" style=\"width: 120px\" class=\"wp-caption alignnone\"><a href=\"http:\/\/piil.org\/familie\/files\/2011\/01\/thetis.jpg\"><img loading=\"lazy\" decoding=\"async\" class=\"size-thumbnail wp-image-79 \" title=\"Thetis\" src=\"http:\/\/piil.org\/familie\/files\/2011\/01\/thetis-150x150.jpg\" alt=\"Thetis\" width=\"120\" height=\"120\" \/><\/a><figcaption id=\"caption-attachment-79\" class=\"wp-caption-text\">Skonnertbriggen Thetis<\/figcaption><\/figure>\n<p>Skibet er bygget p\u00e5 C. Julius Jensens skibsv\u00e6rft i Bregninge skov. Det ejedes af et partsrederi med bl.a. Anders Piil og C.J.Jensen. Kaptajn p\u00e5 skibet var i en periode Anders Piil.<\/p>\n<h3>Valdemarsgade i Ringsted<\/h3>\n<figure id=\"attachment_75\" aria-describedby=\"caption-attachment-75\" style=\"width: 120px\" class=\"wp-caption alignnone\"><a href=\"http:\/\/piil.org\/familie\/files\/2011\/01\/16.jpg\"><img loading=\"lazy\" decoding=\"async\" class=\"size-thumbnail wp-image-75 \" title=\"Valdemarsgade\" src=\"http:\/\/piil.org\/familie\/files\/2011\/01\/16-150x150.jpg\" alt=\"Valdemarsgade\" width=\"120\" height=\"120\" \/><\/a><figcaption id=\"caption-attachment-75\" class=\"wp-caption-text\">Jens Piils hus i Ringsted<\/figcaption><\/figure>\n<p>Jens Piil byggede dette hus, da han kom til Ringsted som slagteridirekt\u00f8r i 1896, S\u00e5 vidt vides st\u00e5r den endnu. Jeg har tegningerne til huset, samt kontrokten med murermesteren.<br \/>\nI forgrunden ses Sigrid og Svend (muligvis Robert). P\u00e5 altanen ses Katinka med Annie.<\/p>\n","protected":false},"excerpt":{"rendered":"<p>F\u00f8lgende historier kan ikke l\u00e6ses ud af sl\u00e6gtsforskningen eller papirerne, men er overleveret i familien og hermed fors\u00f8gt bevaret for eftertiden. Klik p\u00e5 billederne med musen for at se dem i en bedre opl\u00f8sning. Tip-tip-generationen Niels Peder Larsen Min tip-tip-oldefar. Han var rebslager og i en periode sognefoged i Troense. Han havde v\u00e6rksted i Gr\u00f8nnegade [&hellip;]<\/p>\n","protected":false},"author":1,"featured_media":0,"parent":0,"menu_order":0,"comment_status":"open","ping_status":"open","template":"","meta":{"footnotes":""},"class_list":["post-34","page","type-page","status-publish","hentry"],"_links":{"self":[{"href":"https:\/\/piil.org\/familie\/wp-json\/wp\/v2\/pages\/34","targetHints":{"allow":["GET"]}}],"collection":[{"href":"https:\/\/piil.org\/familie\/wp-json\/wp\/v2\/pages"}],"about":[{"href":"https:\/\/piil.org\/familie\/wp-json\/wp\/v2\/types\/page"}],"author":[{"embeddable":true,"href":"https:\/\/piil.org\/familie\/wp-json\/wp\/v2\/users\/1"}],"replies":[{"embeddable":true,"href":"https:\/\/piil.org\/familie\/wp-json\/wp\/v2\/comments?post=34"}],"version-history":[{"count":30,"href":"https:\/\/piil.org\/familie\/wp-json\/wp\/v2\/pages\/34\/revisions"}],"predecessor-version":[{"id":80,"href":"https:\/\/piil.org\/familie\/wp-json\/wp\/v2\/pages\/34\/revisions\/80"}],"wp:attachment":[{"href":"https:\/\/piil.org\/familie\/wp-json\/wp\/v2\/media?parent=34"}],"curies":[{"name":"wp","href":"https:\/\/api.w.org\/{rel}","templated":true}]}}