{"id":6,"date":"2011-01-18T09:32:19","date_gmt":"2011-01-18T09:32:19","guid":{"rendered":"http:\/\/piil.org\/familie\/"},"modified":"2021-01-26T22:22:49","modified_gmt":"2021-01-26T22:22:49","slug":"sl%c3%a6gtshistorier","status":"publish","type":"page","link":"https:\/\/piil.org\/familie\/","title":{"rendered":"Sl\u00e6gtsforskning"},"content":{"rendered":"<p>Jeg begyndte at interessere mig for sl\u00e6gtsforskning, da min farfars s\u00f8ster Sigrid J\u00f8rlund d\u00f8de. Hun efterlod sig bl.a. en &#8220;Mindebog for Jens Piil&#8221;. I den l\u00e5 der en masse gamle billeder, breve og papirer. Nogle kendte vi, andre ikke. Jeg begyndte med min far, at gennemg\u00e5 alle papirene, og f\u00e5 lavet et sl\u00e6gtstr\u00e6. S\u00e5 var grunden lagt, og arbejdet med at f\u00e5 indsamlet oplysninger kunne begynde.<\/p>\n<h3>Sl\u00e6gthistorier<\/h3>\n<p>Nogle af familiebillederne (helt tilbage til omkring 1870), kan ses p\u00e5 f\u00f8lgende link, hvor jeg ogs\u00e5 har skrvet lidt om nogle af personerne.<br \/>\n<a href=\"http:\/\/piil.org\/familie\/aner\/\">Sl\u00e6gtshistorier og -billeder<\/a><\/p>\n<h3>Breve fra Anders Piil<\/h3>\n<p>I mappen l\u00e5 der ogs\u00e5 nogle gamle breve fra min tip-oldefar til min oldefar. Min tip-oldefar Anders Piil, var kaptajn og partsredder p\u00e5 skonnertbriggen &#8220;Thetis af Troense&#8221;, og brevene er fra de steder, hvor skibet l\u00e5 i havn. Det er interessant l\u00e6sning, selvom tonen virker fjern fra breve i vore dage.<br \/>\n<a href=\"http:\/\/piil.org\/familie\/breve\/\">L\u00e6s brevene her<\/a><\/p>\n<h3>Sl\u00e6gtsdata &#8211; anetr\u00e6<\/h3>\n<p>Du kan her finde oplysninger om alle personer jeg har fundet, der har en eller anden sl\u00e6gtsm\u00e6ssig relation til mig. PT. har jeg 181 personer i systemet, jeg arbejder p\u00e5 at f\u00e5 det udvidet.<br \/>\n<a title=\"Sl\u00e6gtsdata - Familien Piil\" href=\"http:\/\/piil.org\/piil\/\">Mine Sl\u00e6gtsdata<\/a><\/p>\n<figure id=\"attachment_77\" aria-describedby=\"caption-attachment-77\" style=\"width: 150px\" class=\"wp-caption alignleft\"><a href=\"http:\/\/piil.org\/familie\/files\/2011\/01\/Piil.jpg\"><img decoding=\"async\" title=\"Familien Piil\" src=\"http:\/\/piil.org\/familie\/files\/2011\/01\/Piil-150x150.jpg\" alt=\"Familien Piil\" width=\"150\" height=\"150\"\/><\/a><figcaption id=\"caption-attachment-77\" class=\"wp-caption-text\">Familiebillede - taget ca. 1902-3<\/figcaption><\/figure>\n<p>Klik p\u00e5 billedet for at se det i en bedre opl\u00f8sning. P\u00e5 billedet ses min Oldefar (Direkt\u00f8r Jens Hansen Piil, Ringsted Andelssvineslagteri) og min oldemor (Cathinka), med deres 4 b\u00f8rn. Min Farfar (Robert Piil) sidder forrest.<\/p>\n","protected":false},"excerpt":{"rendered":"<p>Jeg begyndte at interessere mig for sl\u00e6gtsforskning, da min farfars s\u00f8ster Sigrid J\u00f8rlund d\u00f8de. Hun efterlod sig bl.a. en &#8220;Mindebog for Jens Piil&#8221;. I den l\u00e5 der en masse gamle billeder, breve og papirer. Nogle kendte vi, andre ikke. Jeg begyndte med min far, at gennemg\u00e5 alle papirene, og f\u00e5 lavet et sl\u00e6gtstr\u00e6. S\u00e5 var [&hellip;]<\/p>\n","protected":false},"author":1,"featured_media":0,"parent":0,"menu_order":0,"comment_status":"open","ping_status":"open","template":"","meta":{"footnotes":""},"class_list":["post-6","page","type-page","status-publish","hentry"],"_links":{"self":[{"href":"https:\/\/piil.org\/familie\/wp-json\/wp\/v2\/pages\/6","targetHints":{"allow":["GET"]}}],"collection":[{"href":"https:\/\/piil.org\/familie\/wp-json\/wp\/v2\/pages"}],"about":[{"href":"https:\/\/piil.org\/familie\/wp-json\/wp\/v2\/types\/page"}],"author":[{"embeddable":true,"href":"https:\/\/piil.org\/familie\/wp-json\/wp\/v2\/users\/1"}],"replies":[{"embeddable":true,"href":"https:\/\/piil.org\/familie\/wp-json\/wp\/v2\/comments?post=6"}],"version-history":[{"count":12,"href":"https:\/\/piil.org\/familie\/wp-json\/wp\/v2\/pages\/6\/revisions"}],"predecessor-version":[{"id":272,"href":"https:\/\/piil.org\/familie\/wp-json\/wp\/v2\/pages\/6\/revisions\/272"}],"wp:attachment":[{"href":"https:\/\/piil.org\/familie\/wp-json\/wp\/v2\/media?parent=6"}],"curies":[{"name":"wp","href":"https:\/\/api.w.org\/{rel}","templated":true}]}}